c**2 + 11*c - 3. Let w be g(12). List the prime factors of o(w).
229
Suppose -35751 = -13*j - 4*j. What are the prime factors of (j/9 - 7)*6/4?
2, 5, 17
Let c(g) = -8 - 2*g**2 - 2*g**2 + g**3 + 2*g**2 - 3*g**2 - 15*g. Let a be c(7). What are the prime factors of (-10)/(-4)*(6 - (-78)/a)?
2
Suppose -4*z - 12 = 0, p + 2*z - 6*z - 16 = 0. Suppose 0 = 2*y + 4*v - 1072, -p*y + 3*v = -2496 + 341. List the prime factors of y.
2, 269
Suppose 8 = 15*s + 23. List the prime factors of (s - (-84)/72) + 2351/6.
2, 7
What are the prime factors of (-203)/385 - (-27)/(-99) - 547818/(-10)?
29, 1889
What are the prime factors of 6*(69/3)/((-10)/(-375))?
3, 5, 23
Let r(g) = -g**2 - 6*g + 8. Let a be r(-8). Let p be (2 + 12/a)*(361 + 3). Suppose 4*l - 138 = p. What are the prime factors of l?
2, 5
Let d = 124 - -111. Let z = 594 + -433. Let f = d - z. List the prime factors of f.
2, 37
Suppose -5*z = -g + 40, -5*z = 4*g - 32 - 3. Suppose g*p - 896 = 13*p. List the prime factors of p.
2, 7
Let g be ((-9131211)/(-636))/((-3)/(-8) - 0). List the prime factors of (-6)/(-39) + g/156*2.
491
Let j(z) = 162*z**3 - 2*z**2 + z - 18. List the prime factors of j(4).
2, 13, 397
Let n(u) = 40*u**3 + 31 - 6*u**3 + 21*u**2 + 22*u - 8*u**3 - 13*u**3 - 12*u**3. What are the prime factors of n(-17)?
3, 271
Let o = -27440 - -41208. What are the prime factors of o?
2, 1721
Suppose 21*d - 42*d = 53*d + 74. Let w(m) = -274*m**2 - 13*m - 13. Let b(v) = 91*v**2 + 4*v + 4. Let j(g) = 7*b(g) + 2*w(g). List the prime factors of j(d).
89
Suppose -40019 - 3369 = -4*x. List the prime factors of x.
10847
Let h(y) be the third derivative of y**5/60 + y**4/6 - 10*y**3 + 68*y**2. What are the prime factors of h(16)?
2, 5, 13
Let q = -10671 + 36835. What are the prime factors of q?
2, 31, 211
Suppose 5*b = -b - 12. Let p be b/(-13) + (-259)/(-91). Suppose 0 = -3*a + i + 220, 0 = 2*a + a + p*i - 240. List the prime factors of a.
3, 5
Suppose 0 = -3*n - 22 + 136. Let i = 2348 + -2346. Suppose 2*r - o = n, 3*r - i*r = o + 17. What are the prime factors of r?
3, 7
Suppose 733486 = 209*b - 47*b - 1598342. List the prime factors of b.
2, 3, 2399
Suppose 0 = -0*q + q - 2. Suppose 4*z - 2*z = 3*j + 4, -2*j = z - q. Suppose w = b + 2*w - 43, 4*b - 2*w - 202 = j. What are the prime factors of b?
2, 3
List the prime factors of (-283)/((56/(-24))/(-7))*-3.
3, 283
Let z be (1 - 6/5) + (-1564)/5. Let s = 699 + z. List the prime factors of s.
2, 193
List the prime factors of 5979505/1085 - (-2)/(-31).
3, 11, 167
Let s = -344 - -181. Let a = 404 + s. What are the prime factors of a?
241
Let u be (-254)/(-381) - ((-1010)/6 - 1). Let d = u + -124. What are the prime factors of d?
2, 23
Let g(d) = -11*d + 122. Let t be g(11). List the prime factors of (-10 - 497)/(-2 + t).
3, 13
Suppose 54*q - 498576 + 221624 = 1325228. List the prime factors of q.
2, 3, 5, 23, 43
Let x(j) = -30 - 33*j - 13 - 32. Let d(h) = 34*h + 74. Let t(r) = 6*d(r) + 7*x(r). What are the prime factors of t(-11)?
2, 3
Suppose -z = -5*f + 659, -2*z - 394 = -6*f + 3*f. Let j be 8/(128/12)*4*1. Suppose j*o - 59 = 2*i + 45, 4*i + f = 4*o. List the prime factors of o.
2, 19
Let f = -435 + 445. Let q = -625 - -2533. Suppose f*h - h - q = 0. What are the prime factors of h?
2, 53
Let z = 970 + -882. List the prime factors of (-9814)/(-8) + (z/32)/11.
3, 409
Let w(c) be the third derivative of -c**6/60 - c**5/2 + 25*c**4/12 + 4*c**3/3 - 42*c**2. List the prime factors of w(-17).
2, 157
Suppose 534*q + 5367123 = 813*q. What are the prime factors of q?
19237
List the prime factors of 10/(-135) - 2919270/(-405).
2, 17, 53
Suppose 5*x + 5*l = l + 1802, 0 = -x - 3*l + 356. Suppose -8*t + x = 3*a - 4*t, -360 = -3*a - 3*t. List the prime factors of a.
2, 59
Let p = -10002 - -14663. List the prime factors of p.
59, 79
Suppose 3*h + 1201 = -1109. Let w = h + 1219. What are the prime factors of w?
449
Let r(j) = 17*j + 23. Let x be r(3). Let g = x + -40. Suppose 2*a + 40 = 2*q + 6*a, 2*q - g = -2*a. List the prime factors of q.
2, 7
Let q(t) = -4*t**3 - 15*t**2 - 15*t + 159. What are the prime factors of q(-25)?
23, 2333
Let d(l) = 34*l - 16. Let o be 10 + ((-12)/(-4))/((-6)/4). Let p be d(o). Suppose -p - 14 = -3*k. What are the prime factors of k?
2, 3, 5
Let z(k) = -k**3 - 36*k**2 - 21*k + 174. Let p be z(-34). Let t = -624 - p. What are the prime factors of t?
2, 5
Let d = -614 - -616. Let h(f) = 26*f**2 - 7*f + 16. List the prime factors of h(d).
2, 53
Let z(j) = -j**2 + 21*j + 49. Let m be z(27). Let t = 68 - m. Suppose 3*v = -n + t, 3*v + 5*n - 193 = 10*n. What are the prime factors of v?
61
Let f(h) = -3*h - 5*h + 3*h + 2 - 12*h. Let r be f(-2). Suppose 8*x = 4*x + r. List the prime factors of x.
3
Let g(r) = -r**3 + 4*r**2 - 3. Let a be g(2). Let n be 2 + 5/a*(61 - 0). Let j = 145 - n. What are the prime factors of j?
2, 41
Suppose -83*w - 12*w = -3562500. List the prime factors of w.
2, 3, 5
Let l(h) = 78*h**3 - 7*h**2 + 24*h + 8. List the prime factors of l(4).
2, 7, 89
Suppose 360*l + 356*l = 728*l - 16836. List the prime factors of l.
23, 61
Suppose -42 = -22*l + 46. Suppose 0 = -2*q + 3*q - 245. Suppose -3*d = -l*j + q, 2*d - 35 = -2*j + 77. List the prime factors of j.
59
Suppose 0 = -6*u + u + 22135. Suppose -5*n = -u - 203. Suppose 4*l - 775 = -5*q, -3*l + 4*q + n - 337 = 0. List the prime factors of l.
3, 5, 13
Let q(b) be the second derivative of b**4/12 + 4*b**3/3 - 19*b**2/2 + 9*b. Suppose -95 = 4*h - 31. What are the prime factors of q(h)?
109
Suppose 7*v = 17*v - 9*v. Suppose v = -16*s + 506 + 15430. List the prime factors of s.
2, 3, 83
Let c(z) = -8657*z - 284. List the prime factors of c(-2).
2, 5, 13, 131
Let x(h) = 2257*h**2 - 172*h + 353. List the prime factors of x(2).
7, 1291
Suppose -5*v - 2203 = -b - 2*b, -5*b = -4*v - 3650. Suppose 8*z + b = 4*h + 10*z, 0 = -3*h - 5*z + 534. List the prime factors of h.
3, 61
Suppose -2*z = -3*r + r + 25330, r = 2*z + 12662. List the prime factors of r.
2, 3167
Suppose -11*s + 785 = -40. What are the prime factors of (180/s)/(3/280) + -2?
2, 3, 37
Let m = 231 + -227. Suppose m*n + 1638 = 2*x, 946 = 2*x + 2*n - 674. List the prime factors of x.
3, 271
Suppose -5*r = -6*p + 5*p + 14, -2*p + 1 = -r. What are the prime factors of 529/4 - r/4?
7, 19
Let m = 1429 - 143. Let u = m + -167. List the prime factors of u.
3, 373
Let i(z) = 1061*z - 1683. List the prime factors of i(10).
79, 113
Let k = 272 - 658. Let h be (k/(-8))/((-7)/(-56)). Suppose 3*q = -2*u + h, -2*u + 622 = 5*q - 4*u. List the prime factors of q.
2, 3, 7
Let o(d) = 2394*d**2 - 114*d + 447. List the prime factors of o(4).
3, 5, 23, 37
Suppose -29*z + 12 = -25*z. Let j be (15/(-5) - -4)/((-1)/z). List the prime factors of 1/(j/(-168)) + (-14)/(-7).
2, 29
Let o be (1 + -1)/(-5 - (-5 - 1)). Suppose o = -5*y + 9*y - 24. List the prime factors of (-64)/(y/(-21) - 2/42).
2, 3
What are the prime factors of ((-92210)/150*-5)/((-2)/(-6))?
9221
Let m(h) = -25*h**2 - 4*h - 1. Let t be m(3). Let l = t - -526. What are the prime factors of l?
2, 3
Let f = -1328 - -5031. What are the prime factors of f*(21/(-49))/(-1)?
3, 23
Suppose -3*w + 6*p - 11*p = -15690, 4*w - 20888 = 4*p. What are the prime factors of w?
5, 11, 19
Suppose -w = -3*w. Suppose 4*p = 5*a + 8, w*a = -5*p + 4*a + 10. Suppose -4*j - p*j + 30 = 0. List the prime factors of j.
5
Let k = -32158 + 79751. List the prime factors of k.
7, 13, 523
Suppose r - 9 + 3 = 0. Suppose -r*g - 60 = -16*g. List the prime factors of 65 - (3 - (g + -2)).
2, 3, 11
Suppose -2*x + 1260 = 4*z, -2*x - x + 634 = 2*z. Let j = 399 - z. What are the prime factors of j?
5, 17
Let f be (-1)/(3/18) - -2. Suppose 0 = -4*p - 157 + 109. What are the prime factors of (f/p)/((-2)/(-258))?
43
Suppose -58*h = 52*h - 112*h + 3504. What are the prime factors of h?
2, 3, 73
Suppose 18*o = 71*o - 682479 + 86812. List the prime factors of o.
11239
Let p be (-1 - 2/(-10))/(3/105). Let f = p - 14. List the prime factors of (-9)/f*4*70.
2, 3, 5
Let z(t) = 9*t**2 - 100*t - 2354. List the prime factors of z(-29).
3, 5, 541
Let g(t) = 3*t**3 + 41*t**2 - 47*t - 31. Let b be g(19). Suppose 10*o + 13*o - b = 0. What are the prime factors of o?
2, 7, 107
Let r be (2 + (-18)/4)/(1/(-2)). Suppose 2*b = 3*a - 9, 0 = 5*a - r*b + 5 - 20.